 t/(119/1902) - 4/(-14). Let v = y - 160. What is the units digit of v?
2
Let f be -2*((-4732)/8)/(-7). What is the hundreds digit of (-3)/(-6)*(-12)/6*f?
1
Let d = 43 - 40. Suppose 4*h - n = 1639, 0 = -4*h + d*n - n + 1642. What is the units digit of h?
9
Let i(c) = -c**2 + 17*c - 16. Let v be i(7). Let r = -51 + v. Suppose 3*k + r = 24. What is the units digit of k?
7
Let j(g) = 1942*g + 15824. What is the ten thousands digit of j(25)?
6
Suppose 49*q + 81*q = 973440. What is the tens digit of q?
8
Suppose -8*u = -50*u - 63*u + 145005. What is the units digit of u?
1
Suppose 0 = 3*m + q - 159514, 89*m - 94*m - 9*q + 265864 = 0. What is the ten thousands digit of m?
5
Let h = -41 - -224. Suppose 0 = -2*c + h - 159. What is the units digit of c?
2
What is the tens digit of (1067/1261)/(1/21541)?
2
Let p = 14 + -14. Suppose -4*b + 3*v = -9*b - 2, -4*b + 5*v + 28 = p. Suppose 5 = b*i + 3*i. What is the units digit of i?
1
Let j be 7/((-35)/(-30))*44. Let m(g) = 4*g + 2*g - j + 274. What is the tens digit of m(17)?
1
Let f(p) = 41*p**3 - 4*p**2 + 15*p + 61. What is the thousands digit of f(7)?
4
Suppose -72383 + 7588 = -5*s. What is the tens digit of s?
5
Let r(s) = -2121*s - 188. What is the hundreds digit of r(-9)?
9
Suppose -8*z = 2 + 6. What is the units digit of 24/(-12) - (-657 + z)?
6
Suppose 11*u + 263*u = -40*u + 1931728. What is the tens digit of u?
5
Suppose 0 = -4*w - 5*o - 19 + 206, w - 52 = 4*o. Let x = w - -9. Let q = x + 21. What is the tens digit of q?
7
Let r = 303 + -309. Let u(w) = -w**3 + 10*w**2 + 4*w + 19. What is the tens digit of u(r)?
7
What is the tens digit of 12418/(-4)*(-384 + 378)?
2
Suppose -2*x = 5*h - 13, -57 + 17 = -5*x - 5*h. Suppose -x*c - 332 = -1187. What is the tens digit of c?
9
Let f = 10 - 3. Suppose -5*d = u - 79, 4*d = -u + f*d + 111. What is the units digit of u?
9
Suppose d + 4*z + 3657 = 13748, z = -5*d + 50569. What is the thousands digit of d?
0
Let c(w) = 2*w**2 - 32*w - 6. Let g(h) = 3*h**2 + 7*h - 10. Let d be g(-8). Suppose 0 = -11*x + 4*x + d. What is the units digit of c(x)?
6
Suppose -495 = -13*c - 42*c. What is the tens digit of ((-3392)/(-10))/(c/135*3)?
9
Let f be -1*(-184)/(-44) + (-4)/(-22). Let l(g) = 10*g**2 - 5*g - 28. What is the units digit of l(f)?
2
Let k be (0 + 6 - -36)*12/14. Let m be (-25)/(-9) + 8/k. Suppose 0 = -m*n + 48 + 63. What is the units digit of n?
7
Let j(h) = 823*h**3 + 164*h - 485. What is the tens digit of j(3)?
2
Suppose 0 = 6*q - 3*q - l, -3*q - 2*l = 0. Suppose 5*j + 5 = q, -8*d - 5*j = -11*d + 4127. What is the tens digit of d?
7
Let y be (-1)/(-4) - 86/(-8). Suppose -5*t - 4 = -a, -861*t = a - 857*t - 4. Suppose -3 = 2*b - 2*x - y, -a*b - 4*x + 48 = 0. What is the units digit of b?
8
Let f be 4 + (0 - 1/(-2)*-10). Let i(v) = -464*v - 1. What is the hundreds digit of i(f)?
4
Let w be (7 - 1) + 128/(-32). Let y be (10 - 2 - 5)*186/w. Suppose 309 + y = 6*z. What is the units digit of z?
8
Let q(z) = 4*z - 2002 + 1994 + 59*z**2 - 10*z. Suppose -5*k + 2*t = -k, 0 = -3*k + 3*t + 6. What is the units digit of q(k)?
0
Suppose d + 2*v = -2, 2*d - 41 = -0*d + 5*v. Suppose 1 + d = 3*s. Suppose -5*j + 2*o = -s*o - 145, 3*j = -4*o + 87. What is the units digit of j?
9
Suppose 4*v = -3*o - v + 19, -23 = -3*o - 4*v. Suppose -w = -o*w. What is the tens digit of ((-6 - w)/1)/(2/(-86))?
5
Suppose 19*d - 54 = 13*d. Let r(l) = l**2 - 10*l + 12. Let v be r(d). What is the hundreds digit of (10/(-15))/(-2) + 371/v?
1
Let p be 2/(-10) - (-752)/235. Suppose -p*s + 105 = q, -3*s + q + 53 = -46. What is the tens digit of s?
3
Suppose -a + 7 = -5. Suppose s + a = 5*s. Suppose -177 = -2*o - i + 82, 0 = s*o + 4*i - 396. What is the units digit of o?
8
Suppose -248 = 18*r - 20*r. Let k = r + -122. Suppose 0 = -o + 1, 2*x + k*x - 2*o = 346. What is the tens digit of x?
8
Suppose -46 - 17 = 2*w + h, 5*h + 111 = -4*w. What is the units digit of (-4)/w - (-16448)/68?
2
Suppose 4*f = 8*v - 3*v - 108042, 8 = -f. What is the thousands digit of v?
1
What is the hundreds digit of ((-2738)/(-8) - (-10)/(-40))/(10/140)?
7
Suppose 2*p + 978 = 2*h, 3*h + 955 + 18 = -2*p. Let z = 1353 + p. What is the tens digit of z?
6
Let q(i) = 6*i - 27. Let t be q(-9). What is the tens digit of (-1803)/t*3 + 2/9?
6
What is the thousands digit of ((-128)/(-3520) - (-1748)/330)*(-6363)/(-2)?
6
Let g be ((-36)/(-8) - 2)/(2/8). Suppose g*b - 2944 = -964. What is the tens digit of b?
9
Suppose 10*z - 10*x - 63721 = -11*x, 25489 = 4*z + x. What is the thousands digit of z?
6
Suppose -24 = 10*x - 4*x. Let b(u) be the first derivative of 5*u**2/2 + 40*u + 36. What is the units digit of b(x)?
0
Suppose 0 = -3*k + 3667 + 380. What is the tens digit of k?
4
Let n be -6*(-49 - -2) + 8 + -9. Let d = n + 112. What is the tens digit of d?
9
Suppose 3*n + 5*r - 7414 = 15890, -4*n + 2*r = -31124. What is the tens digit of n?
7
Let x be 24/(-10) - (-7)/((-315)/27). Let q(i) = 20*i**2 - 6*i + 10. What is the tens digit of q(x)?
0
Let k(d) = d**2 - 3*d + 16. Let b be k(0). Suppose 428 = 3*s + 5*c, 14*s + 4*c + 278 = b*s. What is the units digit of s?
1
Suppose -15 - 3 = -6*a. Suppose 2*c - 10 = 0, -c = -0*j - a*j + 2497. Suppose -11*h = -1597 - j. What is the tens digit of h?
2
Suppose -99 = -3*y - 3*z, -2*z - 58 = -y - 19. Suppose -43*r = -y*r - 40. Suppose r = -p + 50. What is the tens digit of p?
4
Let t(d) = -d + 2. Let w(y) = 8*y + 7. Let b be w(-1). Let h be t(b). Suppose h*s - 91 = -0*s + 2*r, -63 = -2*s - r. What is the tens digit of s?
3
Let s(g) = -g**2 + 8*g + 14. Let z be s(9). Suppose z*h + 224 = 234. Suppose -h*w + 358 = -2*n, 4*w + 4*n = 5*n + 728. What is the units digit of w?
3
Let z(t) = 14*t**2 + 50*t + 104. Let o be z(-18). Suppose 3772 = 4*w - 5*i, 4*w - 3*i + o = 8*w. What is the hundreds digit of w?
9
Let o = 3820 - -35604. What is the hundreds digit of o?
4
Suppose 2*i = 3*i + 6*i - 241213. What is the thousands digit of i?
4
Suppose 20*d - 1969308 = -24*d. Suppose -26*p + d = 9605. What is the thousands digit of p?
1
Suppose 162*y - 1227262 = 1425584 + 4544328. What is the tens digit of y?
2
What is the hundreds digit of 10220/6*(-468)/(-390)?
0
Let s = -103 + 107. Suppose o - 45 = -s*o. Suppose 15*w - 834 = o*w. What is the hundreds digit of w?
1
Let v(x) = -1441*x + 79108. What is the thousands digit of v(0)?
9
Let x(a) = -3240*a + 226. Let j be x(-7). What is the units digit of 8/(-308)*7 - j/(-22)?
1
What is the units digit of (1386/15*-1)/(22/(-1430))?
6
Let k be 52169/65 + -3*1/5. Let l be (-1)/(-3) + k/6 + 4. Suppose 0 = s - l - 5. What is the tens digit of s?
4
Suppose 8*m - 527601 - 62967 = -4*m. What is the tens digit of m?
1
Suppose -1282*p + 301691 = -1259*p. What is the hundreds digit of p?
1
Let u be 2 + 969/15 - (-4)/10. Let w = u - 65. Suppose w*a + 542 = 5*q + 4*a, -5*q + 3*a = -537. What is the hundreds digit of q?
1
Let t(y) be the first derivative of 4*y**3/3 + 17*y**2/2 + 10*y + 29. What is the units digit of t(-11)?
7
Suppose 5*t = 25*g - 28*g + 57226, 8*t + 5*g - 91563 = 0. What is the thousands digit of t?
1
Let k be (-13)/26 + (-1685)/2. Let b = 2029 + k. What is the thousands digit of b?
1
Let m = 352 - 781. Let g = 469 + m. What is the tens digit of g?
4
Let y = 108 - 104. Let a be (8/14)/y - 1143/63. What is the units digit of ((-516)/a)/((-4)/(-6))?
3
Suppose 3*w - 17233 = -556*j + 555*j, -5*j + 86165 = -3*w. What is the ten thousands digit of j?
1
What is the thousands digit of 20441 - (5/10 + (-4)/8)/5?
0
Suppose 5*z - 110 = -2*f + f, 0 = -5*z + 5*f + 110. Let l(g) be the second derivative of g**3/6 + 13*g**2/2 + 14*g + 28. What is the tens digit of l(z)?
3
Suppose -25 = -d - 7. Suppose 2*l = 0, 0 = -3*h + 4*l - 3*l + d. What is the units digit of (-25*(-4)/h)/((-13)/(-78))?
0
Suppose 0 = -5*y + 2*w + 5365, -2*w + 7*w + 4309 = 4*y. Suppose 3*u + 5*p - y = 435, -u - 5*p = -502. What is the units digit of u?
2
Let h be (-1 - 55)*91/(-52). Let u(n) = 3*n + 31. Let z be u(-6). Let m = h + z. What is the units digit of m?
1
Suppose -14 = 3*u - u. Let z(i) = -i + 29. Let l be z(-8). Let p = l + u. What is the units digit of p?
0
Let g = -702 + 724. Suppose g*w = 4*w + 22392. What is the tens digit of w?
4
Let s be (2/(-12)*-753)/((-4)/24). Let n = s - -1278. What is the units di